(-11)?
2, 5, 19
Suppose -28 = -3*j + 4*q, -q + 56 = 5*j - 3*q. Let u = 175 + j. What are the prime factors of u?
11, 17
Let p(l) = -28*l + 24. List the prime factors of p(-32).
2, 5, 23
Let t(d) = -3*d - 5. Let y be t(-7). Let i = y + -12. Let l = i - -4. What are the prime factors of l?
2
What are the prime factors of -3 + 1372 + (7 - 3)?
1373
Suppose m - 8 = -3*m. Let o be (-336)/(-147) + 4/(-14). Suppose o*j = -m*j + 28. What are the prime factors of j?
7
Let d = -3 - -1. Suppose 3*b - 9 = -2*o, 0 = 2*b + o - 4 - 3. Let x = b - d. List the prime factors of x.
7
Let s = -16 - -30. Let n = 62 + s. What are the prime factors of n?
2, 19
Suppose 11196 = -77*f + 81*f. What are the prime factors of f?
3, 311
Suppose 4*j + 2315 - 8459 = 0. What are the prime factors of j?
2, 3
Suppose -2*f = 1020 - 4288. What are the prime factors of f?
2, 19, 43
Let k = 623 + -293. List the prime factors of k.
2, 3, 5, 11
Let q be (-1)/2*-2 + (-11571)/(-21). Suppose 0 = -7*b + q + 15. List the prime factors of b.
3
Suppose -5*g = -3*g - 8. Suppose g - 1 = -3*j. Let w(d) = -12*d. What are the prime factors of w(j)?
2, 3
Suppose -13*d = -2*d + 2035. List the prime factors of (-25)/(-5) - 5 - d.
5, 37
Suppose 0 = 5*o - 4*s + 506 + 1481, 4*o = -s - 1598. Let y = -134 - o. What are the prime factors of y?
5, 53
Let n(v) = 3*v. Let u be (2 + -1)/1 + 2. Suppose 0*x = 4*x + 8, 5*z - u = -x. List the prime factors of n(z).
3
Let q(v) = 178*v**2 + 2*v + 1. Let m be q(-1). Suppose 0 = -2*b + m + 67. What are the prime factors of b?
2, 61
Let c(o) = -16*o + 1852. What are the prime factors of c(0)?
2, 463
Let p(o) = o**2 + 5*o - 6. Let q be p(-6). Suppose -2*z + q*m = m + 4, -16 = -2*z + 4*m. Suppose z = -5*t + 164 - 14. What are the prime factors of t?
2, 3, 5
Let b(t) = -t + 2. Let x be b(2). List the prime factors of 69 - (-2 + x)*-2.
5, 13
Let q = -12 + 12. Let z(b) = b**2 - b + 2. Let i be z(q). What are the prime factors of (i - 12/8)*4?
2
Let q = -1296 + 1837. List the prime factors of q.
541
What are the prime factors of ((-135)/36 + 3)/(1/(-240))?
2, 3, 5
List the prime factors of (-391 - (-4)/(-2))/(4 - 5).
3, 131
Suppose -3*q + 3*s + 90 = 2*q, 3*q = -5*s + 20. List the prime factors of (-3 - -2)*(-1335)/q.
89
Let m(o) = -2*o**2 - 32*o + 1. Let b(f) = -2*f - 7. Let a be b(3). What are the prime factors of m(a)?
79
Let m be 6*((-4)/8 + 0). Let j be (-2)/(-6) - (-4)/6. List the prime factors of m + 22 + (j - 0).
2, 5
List the prime factors of (-8)/(-16)*(3229 - 3).
1613
Suppose 5*v - d - 4603 = 7465, 4*v - 9640 = -4*d. What are the prime factors of v?
19, 127
Suppose 3*w - 1189 = -2*s + 970, 2*s = -4*w + 2154. What are the prime factors of s?
1087
Let w(d) = d**2 - 12*d + 31. Let f be (-6 + 3)*-5 + -1. What are the prime factors of w(f)?
59
Let f(k) = 72*k**2 + 3*k - 3. What are the prime factors of f(3)?
2, 3, 109
Let d be (-1700)/(-36) - (-2)/(-9). Let a = -36 + d. List the prime factors of a.
11
Let y = 23 + -17. Suppose -y*z + 313 = 1. List the prime factors of z.
2, 13
What are the prime factors of (-551812)/(-406) - 6/(-7)?
2, 5, 17
List the prime factors of (-36)/3 + 17235/45.
7, 53
Let x(s) = 39*s - 23. Let b be x(5). Let o = 273 - b. List the prime factors of o.
101
Suppose j + 3*z = -3, -z + 4 = j + j. Let c(x) = 2*x + 7. List the prime factors of c(j).
13
Suppose 4*h - 2*j - 12 = -28, -3*h + 4*j - 17 = 0. Let n(g) = 9*g**2 - 4. What are the prime factors of n(h)?
7, 11
Suppose -2106 = -2*i - 3*w + 2205, 4*i + 5*w = 8617. What are the prime factors of i?
2, 3, 179
Suppose -3*u - 3*r + 738 = 0, 3*u - 5*r - 228 = 2*u. What are the prime factors of u?
3
Let t(d) = -d**3 - 10*d**2 + d - 4. Let o(k) = 1. Let h(z) = 4*o(z) - t(z). List the prime factors of h(-5).
2, 3, 23
Suppose 1869 = s - n, 3*n - 1881 = -s - 2*n. What are the prime factors of s?
1871
Suppose 10*a + 0*a = 9250. List the prime factors of a.
5, 37
Let z(l) = 6*l + 17. Let f be z(-8). Let i = f - -18. Let d = -6 - i. List the prime factors of d.
7
Suppose -2*u + 224 + 26 = 5*o, 2*u + 3*o = 250. List the prime factors of u.
5
Let o(u) = -2*u**3 - 2*u**2 - 3*u - 6. Let l be o(-2). Suppose 133 = -l*b + 1005. What are the prime factors of b?
109
Suppose 5*p = 3*z + 207, -6*p - 4*z = -2*p - 140. Suppose -3*i + p + 426 = 0. List the prime factors of i.
5, 31
Suppose 2*k = 2*z - 6, 4*z + 0*k = -4*k + 28. Suppose -877 = -z*s + 543. Suppose -3*q + s = 80. What are the prime factors of q?
2, 17
Let i = -27 - -35. Suppose i*p = -37 + 117. List the prime factors of p.
2, 5
Suppose 5*i + 3695 = 5*g, 517 = 3*g - 2*i - 1704. What are the prime factors of g?
743
Suppose b = -q + 9 + 3, 4*b - 5*q = 12. Suppose 0 = 3*o - b*o - 80. Let k = 4 - o. What are the prime factors of k?
2, 5
Let j = -21 + 25. Suppose 4*a - 4*u + 3*u - 17 = 0, 5*u = j*a - 21. Suppose 0*g + 144 = a*g. List the prime factors of g.
2, 3
Let u(c) = -c**3 + 4*c**2 + 12*c - 32. Let g be u(5). Suppose j - 5*n - 13 - 106 = 0, -n - 301 = -g*j. What are the prime factors of j?
3, 11
Let h(b) be the third derivative of -b**6/120 - b**5/20 + b**3/3 - 11*b**2. List the prime factors of h(-3).
2
Let l(c) = 2*c**3. Let m be l(1). Let b be 669/m - (-21)/14. Suppose b = 2*t + 4*t. What are the prime factors of t?
2, 7
Let f be -13 + 12 - 4*-1. Suppose -141 = -f*s + 102. What are the prime factors of s?
3
Suppose 8*b - 30*b = -37136. What are the prime factors of b?
2, 211
Let d(c) = c**3 + 12*c**2 + 5*c + 16. List the prime factors of d(-8).
2, 29
Let v(c) = -7*c**2 - c - 5. Let d(u) = -3*u**2 - 2. Let q(h) = 5*d(h) - 2*v(h). Let m be q(5). Let i = m + 27. What are the prime factors of i?
2, 3
Suppose -3*q = -16*q - 13. Let c(y) = -15*y**2 - 2*y - 6. Let o(u) = -1. Let p(t) = -c(t) + 5*o(t). List the prime factors of p(q).
2, 7
List the prime factors of (176/(-55))/((-4)/310).
2, 31
Let i be (-1 - -3) + (-23)/((-115)/2400). Let n = i - 222. List the prime factors of n.
2, 5, 13
Let c be (3 + -1)*-4 + -4. Let q = -5 - c. List the prime factors of q + (-3 - (-3 + 0)).
7
Let i = 1840 - -438. What are the prime factors of i?
2, 17, 67
Suppose 3*b = 5*q - 1525, 4*b = -5*q + 112 + 1413. List the prime factors of q.
5, 61
Suppose -5*w - 5*p = -900, 0 = 3*w - 5*w + 5*p + 353. Let g = 383 - w. What are the prime factors of g?
2, 3, 17
What are the prime factors of (-4)/7*(-266)/(-228)*-1299?
2, 433
Suppose j + 3*d = -2*d - 19, -j + 4*d + 17 = 0. Let g = j - 1. What are the prime factors of (g + 0)/(-1) - -3?
3
Let n = -935 + 1367. What are the prime factors of n?
2, 3
List the prime factors of (-6033)/(-33) + (-14)/(-77).
3, 61
What are the prime factors of (8/(-14))/((-52)/56420)?
2, 5, 31
Let m(q) = 918*q**2 - 5*q + 3. List the prime factors of m(1).
2, 229
Let d(q) = q**3 - 4*q**2 - 6*q - 11. Let x = -1 + 7. List the prime factors of d(x).
5
Suppose 3*b - 18 = -4*n, 2*b = 3*n - 5*n + 12. Suppose -b*h - 847 = -13*h. List the prime factors of h.
11
Let r(v) = v**2 - 8*v + 7. Let k be r(7). Let f = 4 - k. List the prime factors of f.
2
Suppose -3 = -3*r, -443 - 46 = -3*j + 3*r. List the prime factors of j.
2, 41
Suppose 79 = -22*o + 6063. What are the prime factors of o?
2, 17
Let m be 14/(-49) - (-2053)/7. Suppose -22 - m = -5*j. What are the prime factors of j?
3, 7
What are the prime factors of (498/415)/(-1 + 8862/8860)?
2, 3, 443
Let r(u) = -7*u - 11. Let s(t) = t**3 + 3*t**2 - 5*t - 2. Let f be s(-4). Let p be 16/(-12)*3*f. List the prime factors of r(p).
3, 5
Suppose -9 + 27 = 3*l. Suppose 5*c = 4*s - 207, l*s - 141 = 4*s - 5*c. List the prime factors of s.
2, 29
Let l = -560 + 881. Suppose 0 = 3*y - 3*o - l, -5*o + 331 = 3*y - 3*o. What are the prime factors of y?
109
Let m = -1372 + 2325. What are the prime factors of m?
953
Let m = 988 + -311. What are the prime factors of m?
677
Suppose -2*p - 28 = -d, 3*p + 112 = d + 4*d. Suppose -37 = -3*c + d. What are the prime factors of c?
19
Let g = -245 + 989. What are the prime factors of g?
2, 3, 31
Suppose 24*k - 131054 = -52214. List the prime factors of k.
3, 5, 73
Let v(r) = r**2 + 10*r - 7. Let b(d) = -2*d**3 - d**2 - 2*d. Let p be b(-2). Let y be (-18)/12*p/2. What are the prime factors of v(y)?
17
Suppose -16*w = 20*w - 28440. What are the prime factors of w?
2, 5, 79
Suppose 9 = -3*s + 24. Suppose 3*